The log file contains messages from an Android application launch. It records the initialization of various system services and libraries. Errors are reported when trying to hook some services like the WiFi scanner.
The log file contains messages from an Android application launch. It records the initialization of various system services and libraries. Errors are reported when trying to hook some services like the WiFi scanner.
The log file contains messages from an Android application launch. It records the initialization of various system services and libraries. Errors are reported when trying to hook some services like the WiFi scanner.
The log file contains messages from an Android application launch. It records the initialization of various system services and libraries. Errors are reported when trying to hook some services like the WiFi scanner.
"ro.vendor.df.effect.conflict"
09-18 10:56:22.163 21346 21381 E libc : Access denied finding property "ro.vendor.knock.type"
09-18 10:56:22.206 21346 21391 I TetheringManager: registerTetheringEventCallback:apkdone.com
09-18 10:56:22.230 21346 21386 I DynamiteModule: Considering local module com.google.android.gms.measurement.dynamite:73 and remote module com.google.android.gms.measurement.dynamite:78
09-18 10:56:22.230 21346 21386 I DynamiteModule: Selected remote version of com.google.android.gms.measurement.dynamite, version >= 78
09-18 10:56:22.230 21346 21386 V DynamiteModule: Dynamite loader version >= 2, using loadModule2NoCrashUtils
09-18 10:56:22.234 21346 21346 I FirebaseInitProvider: FirebaseApp initialization successful
09-18 10:56:22.235 21346 21346 D FLTFireContextHolder: received application context.
09-18 10:56:22.246 21346 21398 I DpmTcmClient: RegisterTcmMonitor from: $Proxy1
09-18 10:56:22.256 21346 21346 D CompatibilityChangeReporter: Compat change id reported: 147600208; UID 10334; state: ENABLED
09-18 10:56:22.263 21346 21346 D DownloaderInitializer: MAX_CONCURRENT_TASKS = 10
09-18 10:56:22.318 21346 21346 W com.facebook.J: Please set a value for AutoLogAppEventsEnabled. Set the flag to TRUE if you want to collect app install, app launch and in-app purchase events automatically. To request user consent before collecting data, set the flag value to FALSE, then change to TRUE once user consent is received. Learn more: https://developers.facebook.com/docs/app-events/getting- started-app-events-android#disable-auto-events.
09-18 10:56:22.318 21346 21346 W com.facebook.J: You haven't set a value for AdvertiserIDCollectionEnabled. Set the flag to TRUE if you want to collect Advertiser ID for better advertising and analytics results. To request user consent before collecting data, set the flag value to FALSE, then change to TRUE once user consent is received. Learn more: https://developers.facebook.com/docs/app-events/getting-started-app-events- android#disable-auto-events.
09-18 10:56:22.359 21346 21386 W System : ClassLoader referenced unknown path: --------- beginning of system
09-18 10:56:22.375 21346 21346 I ContentProviderMonitor: PerfMonitor installContentProviders : before publish content providers
09-18 10:56:22.403 21346 21406 I DynamiteModule: Considering local module com.google.android.gms.ads.dynamite:0 and remote module com.google.android.gms.ads.dynamite:222508000
09-18 10:56:22.403 21346 21406 I DynamiteModule: Selected remote version of com.google.android.gms.ads.dynamite, version >= 222508000
09-18 10:56:22.403 21346 21406 V DynamiteModule: Dynamite loader version >= 2, using loadModule2NoCrashUtils
09-18 10:56:22.425 21463 21463 W kdone.com:blac: Using default instruction set features for ARM CPU variant (cortex-a9) using conservative defaults
09-18 10:56:22.432 21463 21463 E kdone.com:blac: Not starting debugger since process cannot load the jdwp agent.
09-18 10:56:22.452 21463 21463 W ActivityThread: registerApplicationScoutThread result:true
09-18 10:56:22.478 21463 21463 I Perf : Connecting to perf service.
09-18 10:56:22.483 21463 21463 I ForceDarkHelper: mForceDarkOrigin true
09-18 10:56:22.485 21463 21463 I MiuiForceDarkConfig: MiuiForceDarkConfig setConfig density:2.750000, mainRule:0, secondaryRule:0, tertiaryRule:0
09-18 10:56:22.487 21463 21463 D NetworkSecurityConfig: Using Network Security Config from resource network_security_config debugBuild: false
09-18 10:56:22.487 21463 21463 D NetworkSecurityConfig: Using Network Security Config from resource network_security_config debugBuild: false
09-18 10:56:22.490 21463 21463 W kdone.com:blac: Accessing hidden method Ldalvik/system/VMRuntime;->setHiddenApiExemptions([Ljava/lang/String;)V (blacklist,core-platform-api, reflection, denied)
09-18 10:56:22.490 21463 21463 W BootstrapClass: reflect bootstrap failed:
09-18 10:56:22.490 21463 21463 W BootstrapClass: java.lang.reflect.InvocationTargetException
09-18 10:56:22.490 21463 21463 W BootstrapClass: at java.lang.reflect.Method.invoke(Native Method)
09-18 10:56:22.490 21463 21463 W BootstrapClass: at me.weishu.reflection.BootstrapClass.<clinit>(BootstrapClass.java:6)
09-18 10:56:22.490 21463 21463 W BootstrapClass: at me.weishu.reflection.Reflection.unseal(Reflection.java:2)
09-18 10:56:22.490 21463 21463 W BootstrapClass: at top.niunaijun.blackbox.BlackBoxCore.doAttachBaseContext(BlackBoxCore.java:1)
09-18 10:56:22.490 21463 21463 W BootstrapClass: at com.example.Application.attachBaseContext(Application.kt:2)
09-18 10:56:22.490 21463 21463 W BootstrapClass: at android.app.Application.attach(Application.java:353)
09-18 10:56:22.490 21463 21463 W BootstrapClass: at android.app.Instrumentation.newApplication(Instrumentation.java:1162)
09-18 10:56:22.490 21463 21463 W BootstrapClass: at android.app.LoadedApk.makeApplication(LoadedApk.java:1264)
09-18 10:56:22.490 21463 21463 W BootstrapClass: at android.app.ActivityThread.handleBindApplication(ActivityThread.java:7064)
09-18 10:56:22.490 21463 21463 W BootstrapClass: at android.app.ActivityThread.access$1500(ActivityThread.java:261)
09-18 10:56:22.490 21463 21463 W BootstrapClass: at android.app.ActivityThread$H.handleMessage(ActivityThread.java:2019)
09-18 10:56:22.490 21463 21463 W BootstrapClass: at android.os.Handler.dispatchMessage(Handler.java:106)
09-18 10:56:22.490 21463 21463 W BootstrapClass: at android.os.Looper.loop(Looper.java:237)
09-18 10:56:22.490 21463 21463 W BootstrapClass: at android.app.ActivityThread.main(ActivityThread.java:8163)
09-18 10:56:22.490 21463 21463 W BootstrapClass: at java.lang.reflect.Method.invoke(Native Method)
09-18 10:56:22.490 21463 21463 W BootstrapClass: at com.android.internal.os.RuntimeInit$MethodAndArgsCaller.run(RuntimeInit.java:656)
09-18 10:56:22.490 21463 21463 W BootstrapClass: at com.android.internal.os.ZygoteInit.main(ZygoteInit.java:967)
09-18 10:56:22.490 21463 21463 W BootstrapClass: Caused by: java.lang.NoSuchMethodException: dalvik.system.VMRuntime.setHiddenApiExemptions [class [Ljava.lang.String;]
09-18 10:56:22.490 21463 21463 W BootstrapClass: at java.lang.Class.getMethod(Class.java:2072)
09-18 10:56:22.490 21463 21463 W BootstrapClass: at java.lang.Class.getDeclaredMethod(Class.java:2050)
09-18 10:56:22.490 21463 21463 W BootstrapClass: ... 17 more
09-18 10:56:22.491 21463 21463 W kdone.com:blac: Opening an oat file without a class loader. Are you using the deprecated DexFile APIs?
09-18 10:56:22.491 21463 21463 W kdone.com:blac: DexFile /data/user/0/apkdone.com/code_cache/1663480582490.dex is in boot class path but is not in a known location
09-18 10:56:22.517 21463 21463 D HookManager: hook: top.niunaijun.blackbox.fake.service.IFingerprintManagerProxy@63ff39b
09-18 10:56:22.520 21463 21463 D HookManager: hook: top.niunaijun.blackbox.fake.service.IAppWidgetManagerProxy@4e63ae4
09-18 10:56:22.521 21463 21463 D HookManager: hook: top.niunaijun.blackbox.fake.service.IMediaRouterServiceProxy@e7abf49
09-18 10:56:22.522 21463 21463 D HookManager: hook: top.niunaijun.blackbox.fake.service.IDeviceIdentifiersPolicyProxy@34ca68
09-18 10:56:22.523 21463 21463 D HookManager: hook: top.niunaijun.blackbox.fake.service.INetworkManagementServiceProxy@69411bd
09-18 10:56:22.524 21463 21463 D HookManager: hook: top.niunaijun.blackbox.fake.service.IUserManagerProxy@accf8fe
09-18 10:56:22.526 21463 21463 D HookManager: hook: top.niunaijun.blackbox.fake.service.IStorageManagerProxy@8475b7b
09-18 10:56:22.527 21463 21463 D HookManager: hook: top.niunaijun.blackbox.fake.service.IPhoneSubInfoProxy@9c0fb44
09-18 10:56:22.528 21463 21463 D HookManager: hook: top.niunaijun.blackbox.fake.service.IPowerManagerProxy@52fbef3
09-18 10:56:22.529 21463 21463 D HookManager: hook: top.niunaijun.blackbox.fake.service.HCallbackProxy@f926edc
09-18 10:56:22.530 21463 21463 D HookManager: hook: top.niunaijun.blackbox.fake.service.IJobServiceProxy@e06e147
09-18 10:56:22.531 21463 21463 D HookManager: hook: top.niunaijun.blackbox.fake.service.IConnectivityManagerProxy@f513ce0
09-18 10:56:22.532 21463 21463 D HookManager: hook: top.niunaijun.blackbox.fake.service.IWindowManagerProxy@c60335b
09-18 10:56:22.533 21346 21483 I FA : App measurement initialized, version: 68018
09-18 10:56:22.533 21346 21483 I FA : To enable debug logging run: adb shell setprop log.tag.FA VERBOSE
09-18 10:56:22.533 21346 21483 I FA : To enable faster debug mode event logging run:
09-18 10:56:22.533 21346 21483 I FA : adb shell setprop debug.firebase.analytics.app apkdone.com
09-18 10:56:22.535 21463 21463 D HookManager: hook: top.niunaijun.blackbox.fake.delegate.AppInstrumentation@80be4c2
09-18 10:56:22.535 21463 21463 D HookManager: hook: top.niunaijun.blackbox.fake.service.IAlarmManagerProxy@ccfb2d3
09-18 10:56:22.536 21463 21463 D HookManager: hook: top.niunaijun.blackbox.fake.service.IMediaSessionManagerProxy@d268b3c
09-18 10:56:22.540 21463 21463 D HookManager: hook: top.niunaijun.blackbox.fake.service.context.RestrictionsManagerStub@bbea441
09-18 10:56:22.542 21463 21463 D HookManager: hook: top.niunaijun.blackbox.fake.service.ILocationManagerProxy@2b0272
09-18 10:56:22.544 21463 21463 D HookManager: hook: top.niunaijun.blackbox.fake.service.IActivityTaskManagerProxy@4c3c1f
09-18 10:56:22.548 21463 21463 D HookManager: hook: top.niunaijun.blackbox.fake.service.IDisplayManagerProxy@c1e05ed
09-18 10:56:22.549 21463 21463 D HookManager: hook: top.niunaijun.blackbox.fake.service.IWifiScannerProxy@4bf05a5
09-18 10:56:22.552 21463 21463 D HookManager: hook error: top.niunaijun.blackbox.fake.service.IWifiScannerProxy@4bf05a5
09-18 10:56:22.552 21463 21463 D HookManager: hook: top.niunaijun.blackbox.fake.service.IAppOpsManagerProxy@bc95188
09-18 10:56:22.553 21463 21463 D HookManager: hook: top.niunaijun.blackbox.fake.service.IStorageStatsManagerProxy@a7ec9a0
09-18 10:56:22.555 21463 21463 D HookManager: hook: top.niunaijun.blackbox.fake.service.IActivityManagerProxy@435a215
09-18 10:56:22.558 21463 21463 D HookManager: hook: top.niunaijun.blackbox.fake.service.INotificationManagerProxy@d6ae5f7
09-18 10:56:22.560 21463 21463 D HookManager: hook: top.niunaijun.blackbox.fake.service.IContextHubServiceProxy@e152382
09-18 10:56:22.562 21463 21463 D HookManager: hook error: top.niunaijun.blackbox.fake.service.IContextHubServiceProxy@e152382
09-18 10:56:22.562 21463 21463 D HookManager: hook: top.niunaijun.blackbox.fake.service.libcore.OsStub@883bac9
09-18 10:56:22.563 21463 21463 D HookManager: hook: top.niunaijun.blackbox.fake.service.IPersistentDataBlockServiceProxy@d77d3fc
09-18 10:56:22.564 21463 21463 D HookManager: hook error: top.niunaijun.blackbox.fake.service.IPersistentDataBlockServiceProxy@d77d3fc
09-18 10:56:22.564 21463 21463 D HookManager: hook: top.niunaijun.blackbox.fake.service.ILauncherAppsProxy@e76190b
09-18 10:56:22.565 21346 21483 I FA : Tag Manager is not found and thus will not be used
09-18 10:56:22.565 21463 21463 D HookManager: hook: top.niunaijun.blackbox.fake.service.ISystemUpdateProxy@fc4a694
09-18 10:56:22.566 21463 21463 D HookManager: hook error: top.niunaijun.blackbox.fake.service.ISystemUpdateProxy@fc4a694
09-18 10:56:22.566 21463 21463 D HookManager: hook: top.niunaijun.blackbox.fake.service.ITelephonyRegistryProxy@da69e83
09-18 10:56:22.568 21463 21463 D HookManager: hook: top.niunaijun.blackbox.fake.service.IAccessibilityManagerProxy@c56342c
09-18 10:56:22.569 21463 21463 D HookManager: hook: top.niunaijun.blackbox.fake.service.IVibratorServiceProxy@62abd7
09-18 10:56:22.569 21463 21463 D HookManager: hook: top.niunaijun.blackbox.fake.service.IPermissionManagerProxy@4b90130
09-18 10:56:22.571 21463 21463 D HookManager: hook: top.niunaijun.blackbox.fake.service.IDevicePolicyManagerProxy@76fc648
09-18 10:56:22.575 21463 21463 D HookManager: hook: top.niunaijun.blackbox.fake.service.IAccountManagerProxy@e59161d
09-18 10:56:22.576 21463 21463 D HookManager: hook: top.niunaijun.blackbox.fake.service.ITelephonyManagerProxy@e5a03de
09-18 10:56:22.581 21463 21463 D HookManager: hook: top.niunaijun.blackbox.fake.service.context.ContentServiceStub@2d1f2db
09-18 10:56:22.582 21463 21463 D HookManager: hook: top.niunaijun.blackbox.fake.service.IWifiManagerProxy@aba0d24
09-18 10:56:22.584 21463 21463 D HookManager: hook: top.niunaijun.blackbox.fake.service.IPackageManagerProxy@8c9e253
09-18 10:56:22.587 21463 21463 D HookManager: hook: top.niunaijun.blackbox.fake.service.IAutofillManagerProxy@27d208e
09-18 10:56:22.588 21463 21463 D HookManager: hook: top.niunaijun.blackbox.fake.service.IShortcutManagerProxy@2ba7445
09-18 10:56:22.589 21463 21463 D HookManager: hook: top.niunaijun.blackbox.fake.service.IGraphicsStatsProxy@b30b366
09-18 10:56:22.626 21463 21463 D SystemCallProvider: call: VM, Bundle[{_B_| _server_name_=package_manager}]
09-18 10:56:22.626 21463 21463 D BlackBoxCore: getService: package_manager, top.niunaijun.blackbox.core.system.pm.BPackageManagerService@fe00643
09-18 10:56:22.631 21463 21463 I ContentProviderMonitor: PerfMonitor installContentProviders : before publish content providers
09-18 10:56:22.633 21346 21346 W BpBinder: Slow Binder: BpBinder transact took 246 ms, interface=android.app.IActivityManager, code=22 oneway=false
09-18 10:56:22.633 21463 21498 D SystemCallProvider: call: VM, Bundle[mParcelledData.dataSize=88]
09-18 10:56:22.633 21346 21346 D BlackBoxCore: getService: activity_manager, android.os.BinderProxy@8e5b60e
09-18 10:56:22.633 21463 21498 D SystemCallProvider: call: VM, Bundle[mParcelledData.dataSize=76]
09-18 10:56:22.634 21346 21346 D BlackBoxCore: getService: job_manager, android.os.BinderProxy@41af82f
09-18 10:56:22.634 21463 21498 D SystemCallProvider: call: VM, Bundle[mParcelledData.dataSize=84]
09-18 10:56:22.634 21346 21346 D BlackBoxCore: getService: package_manager, android.os.BinderProxy@a742e3c
09-18 10:56:22.634 21463 21498 D SystemCallProvider: call: VM, Bundle[mParcelledData.dataSize=84]
09-18 10:56:22.634 21346 21346 D BlackBoxCore: getService: storage_manager, android.os.BinderProxy@7f627c5
09-18 10:56:22.634 21463 21495 D SystemCallProvider: call: VM, Bundle[mParcelledData.dataSize=80]
09-18 10:56:22.634 21346 21346 D BlackBoxCore: getService: user_manager, android.os.BinderProxy@b4b251a
09-18 10:56:22.634 21463 21498 D SystemCallProvider: call: VM, Bundle[mParcelledData.dataSize=84]
09-18 10:56:22.635 21346 21346 D BlackBoxCore: getService: xposed_manager, android.os.BinderProxy@68e84b
09-18 10:56:22.635 21463 21495 D SystemCallProvider: call: VM, Bundle[mParcelledData.dataSize=84]
09-18 10:56:22.635 21346 21346 D BlackBoxCore: getService: account_manager, android.os.BinderProxy@873f228
09-18 10:56:22.635 21463 21498 D SystemCallProvider: call: VM, Bundle[mParcelledData.dataSize=88]
09-18 10:56:22.635 21346 21346 D BlackBoxCore: getService: location_manager, android.os.BinderProxy@167b41
09-18 10:56:22.635 21463 21498 D SystemCallProvider: call: VM, Bundle[mParcelledData.dataSize=96]
09-18 10:56:22.635 21346 21346 D BlackBoxCore: getService: notification_manager, android.os.BinderProxy@86678e6
09-18 10:56:22.644 21463 21463 I DaemonService: DaemonInnerService -> onCreate
09-18 10:56:22.644 21463 21463 I DaemonService: DaemonInnerService -> onStartCommand
09-18 10:56:22.646 21463 21463 I DaemonService: DaemonInnerService -> onDestroy
09-18 10:56:22.686 21346 21346 I AdrenoGLES-0: QUALCOMM build : 5eaa426211, I07ee46fc66
09-18 10:56:22.686 21346 21346 I AdrenoGLES-0: Build Date : 10/08/21
09-18 10:56:22.686 21346 21346 I AdrenoGLES-0: OpenGL ES Shader Compiler Version: EV031.32.02.16
09-18 10:56:22.686 21346 21346 I AdrenoGLES-0: Local Branch :
09-18 10:56:22.686 21346 21346 I AdrenoGLES-0: Remote Branch :
09-18 10:56:22.686 21346 21346 I AdrenoGLES-0: Remote Branch :
09-18 10:56:22.686 21346 21346 I AdrenoGLES-0: Reconstruct Branch :
09-18 10:56:22.686 21346 21346 I AdrenoGLES-0: Build Config : S P 10.0.7 AArch32
09-18 10:56:22.686 21346 21346 I AdrenoGLES-0: Driver Path : /vendor/lib/egl/libGLESv2_adreno.so
09-18 10:56:22.711 21346 21346 I AdrenoGLES-0: PFP: 0x016ee197, ME: 0x00000000
09-18 10:56:22.747 21346 21346 D com.llfbandit.app_links: handleIntent: (Action) android.intent.action.MAIN
09-18 10:56:22.747 21346 21346 D com.llfbandit.app_links: handleIntent: (Data) null
09-18 10:56:22.749 21346 21346 D FlutterArchivePlugin: onAttachedToEngine - IN
09-18 10:56:22.749 21346 21346 D FlutterArchivePlugin: doOnAttachedToEngine - IN
09-18 10:56:22.749 21346 21346 D FlutterArchivePlugin: doOnAttachedToEngine - OUT
09-18 10:56:22.749 21346 21346 D FlutterArchivePlugin: onAttachedToEngine - OUT
09-18 10:56:22.774 21346 21346 I WebViewFactory: Loading com.google.android.webview version 104.0.5112.97 (code 511209733)
09-18 10:56:22.805 21346 21346 I cr_WVCFactoryProvider: Loaded version=104.0.5112.97 minSdkVersion=29 isBundle=true multiprocess=true packageId=2
09-18 10:56:22.817 21346 21346 I cr_LibraryLoader: Successfully loaded native library
09-18 10:56:22.817 21346 21346 I cr_CachingUmaRecorder: Flushed 8 samples from 8 histograms.
09-18 10:56:22.974 21346 21346 W FlutterEngineCxnRegstry: Attempted to register plugin (O0.c@c07c999) but it was already registered with this FlutterEngine (io.flutter.embedding.engine.FlutterEngine@413a45e).
09-18 10:56:22.974 21346 21346 W FlutterEngineCxnRegstry: Attempted to register plugin (N0.a@725d03f) but it was already registered with this FlutterEngine (io.flutter.embedding.engine.FlutterEngine@413a45e).
09-18 10:56:22.974 21346 21346 W FlutterEngineCxnRegstry: Attempted to register plugin (L0.a@470d0c) but it was already registered with this FlutterEngine (io.flutter.embedding.engine.FlutterEngine@413a45e).
09-18 10:56:22.974 21346 21346 W FlutterEngineCxnRegstry: Attempted to register plugin (J0.g@7826655) but it was already registered with this FlutterEngine (io.flutter.embedding.engine.FlutterEngine@413a45e).
09-18 10:56:22.974 21346 21346 W FlutterEngineCxnRegstry: Attempted to register plugin (io.flutter.plugins.camera.CameraPlugin@871a86a) but it was already registered with this FlutterEngine (io.flutter.embedding.engine.FlutterEngine@413a45e).
09-18 10:56:22.974 21346 21346 W FlutterEngineCxnRegstry: Attempted to register plugin (C1.d@5b1315b) but it was already registered with this FlutterEngine (io.flutter.embedding.engine.FlutterEngine@413a45e).
09-18 10:56:22.974 21346 21346 W FlutterEngineCxnRegstry: Attempted to register plugin (H1.c@ddedf8) but it was already registered with this FlutterEngine (io.flutter.embedding.engine.FlutterEngine@413a45e).
09-18 10:56:22.974 21346 21346 W FlutterEngineCxnRegstry: Attempted to register plugin (D1.a@2d012d1) but it was already registered with this FlutterEngine (io.flutter.embedding.engine.FlutterEngine@413a45e).
09-18 10:56:22.974 21346 21346 W FlutterEngineCxnRegstry: Attempted to register plugin (B1.a@6f9e136) but it was already registered with this FlutterEngine (io.flutter.embedding.engine.FlutterEngine@413a45e).
09-18 10:56:22.974 21346 21346 W FlutterEngineCxnRegstry: Attempted to register plugin (R0.a@c78837) but it was already registered with this FlutterEngine (io.flutter.embedding.engine.FlutterEngine@413a45e).
09-18 10:56:22.974 21346 21346 W FlutterEngineCxnRegstry: Attempted to register plugin (io.flutter.plugins.firebase.analytics.FlutterFirebaseAnalyticsPlugin@1fff1a4) but it was already registered with this FlutterEngine (io.flutter.embedding.engine.FlutterEngine@413a45e).
09-18 10:56:22.974 21346 21346 W FlutterEngineCxnRegstry: Attempted to register plugin (io.flutter.plugins.firebase.core.FlutterFirebaseCorePlugin@e720b0d) but it was already registered with this FlutterEngine (io.flutter.embedding.engine.FlutterEngine@413a45e).
09-18 10:56:22.974 21346 21346 W FlutterEngineCxnRegstry: Attempted to register plugin (io.flutter.plugins.firebase.crashlytics.FlutterFirebaseCrashlyticsPlugin@efadac2) but it was already registered with this FlutterEngine (io.flutter.embedding.engine.FlutterEngine@413a45e).
09-18 10:56:22.974 21346 21346 W FlutterEngineCxnRegstry: Attempted to register plugin (K1.a@38270d3) but it was already registered with this FlutterEngine (io.flutter.embedding.engine.FlutterEngine@413a45e).
09-18 10:56:22.974 21346 21346 W FlutterEngineCxnRegstry: Attempted to register plugin (io.flutter.plugins.firebase.messaging.FlutterFirebaseMessagingPlugin@31c8410) but it was already registered with this FlutterEngine (io.flutter.embedding.engine.FlutterEngine@413a45e).
09-18 10:56:22.974 21346 21346 W FlutterEngineCxnRegstry: Attempted to register plugin (io.flutter.plugins.firebase.performance.FlutterFirebasePerformancePlugin@7c14b09) but it was already registered with this FlutterEngine (io.flutter.embedding.engine.FlutterEngine@413a45e).
09-18 10:56:22.974 21346 21346 W FlutterEngineCxnRegstry: Attempted to register plugin (io.flutter.plugins.firebase.firebaseremoteconfig.FirebaseRemoteConfigPlugin@41fe10 e) but it was already registered with this FlutterEngine (io.flutter.embedding.engine.FlutterEngine@413a45e).
09-18 10:56:22.974 21346 21346 W FlutterEngineCxnRegstry: Attempted to register plugin (K0.a@6f9472f) but it was already registered with this FlutterEngine (io.flutter.embedding.engine.FlutterEngine@413a45e).
09-18 10:56:22.974 21346 21346 W FlutterEngineCxnRegstry: Attempted to register plugin (vn.hunghd.flutterdownloader.d@92dd13c) but it was already registered with this FlutterEngine (io.flutter.embedding.engine.FlutterEngine@413a45e).
09-18 10:56:22.974 21346 21346 W FlutterEngineCxnRegstry: Attempted to register plugin (S0.a@eaa8ec5) but it was already registered with this FlutterEngine (io.flutter.embedding.engine.FlutterEngine@413a45e).
09-18 10:56:22.974 21346 21346 W FlutterEngineCxnRegstry: Attempted to register plugin (d.f@77d001a) but it was already registered with this FlutterEngine (io.flutter.embedding.engine.FlutterEngine@413a45e).
09-18 10:56:22.975 21346 21346 W FlutterEngineCxnRegstry: Attempted to register plugin (F.a@45d274b) but it was already registered with this FlutterEngine (io.flutter.embedding.engine.FlutterEngine@413a45e).
09-18 10:56:22.975 21346 21346 W FlutterEngineCxnRegstry: Attempted to register plugin (com.pichillilorenzo.flutter_inappwebview.InAppWebViewFlutterPlugin@ca4c528) but it was already registered with this FlutterEngine (io.flutter.embedding.engine.FlutterEngine@413a45e).
09-18 10:56:22.975 21346 21346 W FlutterEngineCxnRegstry: Attempted to register plugin (f.a@b2a5241) but it was already registered with this FlutterEngine (io.flutter.embedding.engine.FlutterEngine@413a45e).
09-18 10:56:22.975 21346 21346 W FlutterEngineCxnRegstry: Attempted to register plugin (com.dexterous.flutterlocalnotifications.FlutterLocalNotificationsPlugin@55b03e6) but it was already registered with this FlutterEngine (io.flutter.embedding.engine.FlutterEngine@413a45e).
09-18 10:56:22.975 21346 21346 W FlutterEngineCxnRegstry: Attempted to register plugin (M0.i@cd4ed27) but it was already registered with this FlutterEngine (io.flutter.embedding.engine.FlutterEngine@413a45e).
09-18 10:56:22.975 21346 21346 W FlutterEngineCxnRegstry: Attempted to register plugin (io.flutter.plugins.flutter_plugin_android_lifecycle.FlutterAndroidLifecyclePlugin@ a150bd4) but it was already registered with this FlutterEngine (io.flutter.embedding.engine.FlutterEngine@413a45e).
09-18 10:56:22.975 21346 21346 W FlutterEngineCxnRegstry: Attempted to register plugin (J1.a@e88d17d) but it was already registered with this FlutterEngine (io.flutter.embedding.engine.FlutterEngine@413a45e).
09-18 10:56:22.975 21346 21346 W FlutterEngineCxnRegstry: Attempted to register plugin (io.flutter.plugins.googlemobileads.GoogleMobileAdsPlugin@3c37872) but it was already registered with this FlutterEngine (io.flutter.embedding.engine.FlutterEngine@413a45e).
09-18 10:56:22.975 21346 21346 W FlutterEngineCxnRegstry: Attempted to register plugin (io.flutter.plugins.googlesignin.GoogleSignInPlugin@31934c3) but it was already registered with this FlutterEngine (io.flutter.embedding.engine.FlutterEngine@413a45e).
09-18 10:56:22.975 21346 21346 W FlutterEngineCxnRegstry: Attempted to register plugin (F2.c@1a11140) but it was already registered with this FlutterEngine (io.flutter.embedding.engine.FlutterEngine@413a45e).
09-18 10:56:22.975 21346 21346 W FlutterEngineCxnRegstry: Attempted to register plugin (N.a@c560879) but it was already registered with this FlutterEngine (io.flutter.embedding.engine.FlutterEngine@413a45e).
09-18 10:56:22.975 21346 21346 W FlutterEngineCxnRegstry: Attempted to register plugin (io.flutter.plugins.packageinfo.PackageInfoPlugin@dcca9be) but it was already registered with this FlutterEngine (io.flutter.embedding.engine.FlutterEngine@413a45e).
09-18 10:56:22.975 21346 21346 W FlutterEngineCxnRegstry: Attempted to register plugin (io.flutter.plugins.pathprovider.PathProviderPlugin@2d05a1f) but it was already registered with this FlutterEngine (io.flutter.embedding.engine.FlutterEngine@413a45e).
09-18 10:56:22.975 21346 21346 W FlutterEngineCxnRegstry: Attempted to register plugin (e.f@126016c) but it was already registered with this FlutterEngine (io.flutter.embedding.engine.FlutterEngine@413a45e).
09-18 10:56:22.975 21346 21346 W FlutterEngineCxnRegstry: Attempted to register plugin (o0.b@725b335) but it was already registered with this FlutterEngine (io.flutter.embedding.engine.FlutterEngine@413a45e).
09-18 10:56:22.975 21346 21346 W FlutterEngineCxnRegstry: Attempted to register plugin (E1.f@7a5a3ca) but it was already registered with this FlutterEngine (io.flutter.embedding.engine.FlutterEngine@413a45e).
09-18 10:56:22.975 21346 21346 W FlutterEngineCxnRegstry: Attempted to register plugin (io.flutter.plugins.sharedpreferences.SharedPreferencesPlugin@1aa793b) but it was already registered with this FlutterEngine (io.flutter.embedding.engine.FlutterEngine@413a45e).
09-18 10:56:22.975 21346 21346 W FlutterEngineCxnRegstry: Attempted to register plugin (I0.b@527c858) but it was already registered with this FlutterEngine (io.flutter.embedding.engine.FlutterEngine@413a45e).
09-18 10:56:22.975 21346 21346 W FlutterEngineCxnRegstry: Attempted to register plugin (V0.l@d0b4db1) but it was already registered with this FlutterEngine (io.flutter.embedding.engine.FlutterEngine@413a45e).
09-18 10:56:22.975 21346 21346 W FlutterEngineCxnRegstry: Attempted to register plugin (P0.l@7623296) but it was already registered with this FlutterEngine (io.flutter.embedding.engine.FlutterEngine@413a45e).
09-18 10:56:22.975 21346 21346 W FlutterEngineCxnRegstry: Attempted to register plugin (io.flutter.plugins.urllauncher.UrlLauncherPlugin@63d6e17) but it was already registered with this FlutterEngine (io.flutter.embedding.engine.FlutterEngine@413a45e).
09-18 10:56:22.975 21346 21346 W FlutterEngineCxnRegstry: Attempted to register plugin (io.flutter.plugins.videoplayer.VideoPlayerPlugin@c7d1204) but it was already registered with this FlutterEngine (io.flutter.embedding.engine.FlutterEngine@413a45e).
09-18 10:56:22.975 21346 21346 W FlutterEngineCxnRegstry: Attempted to register plugin (G2.a@fd613ed) but it was already registered with this FlutterEngine (io.flutter.embedding.engine.FlutterEngine@413a45e).
09-18 10:56:22.975 21346 21346 W FlutterEngineCxnRegstry: Attempted to register plugin (i1.n@e86e222) but it was already registered with this FlutterEngine (io.flutter.embedding.engine.FlutterEngine@413a45e).
09-18 10:56:22.975 21346 21346 W FlutterEngineCxnRegstry: Attempted to register plugin (z1.d@a0d4b3) but it was already registered with this FlutterEngine (io.flutter.embedding.engine.FlutterEngine@413a45e).
09-18 10:56:22.976 21346 21346 D View : apkdone.com initForcedUseForceDark: 1
09-18 10:56:23.004 21346 21346 W FlutterActivityAndFragmentDelegate: A splash screen was provided to Flutter, but this is deprecated. See flutter.dev/go/android- splash-migration for migration steps.
09-18 10:56:23.010 21346 21346 D DecorView[]: getWindowModeFromSystem windowmode is 1
09-18 10:56:23.068 21346 21346 D DecorView[]: getWindowModeFromSystem windowmode is 1
09-18 10:56:23.085 21346 21346 W Looper : PerfMonitor looperActivity : package=apkdone.com/com.example.MainActivity time=443ms latency=770ms running=231ms procState=2 ClientTransaction{ callbacks=[android.app.servertransaction.LaunchActivityItem] lifecycleRequest=android.app.servertransaction.ResumeActivityItem } historyMsgCount=2 (msgIndex=2 wall=764ms seq=2 running=158ms runnable=64ms io=101ms late=19ms h=android.app.ActivityThread$H w=110)
09-18 10:56:23.088 21346 21346 W Looper : PerfMonitor looperActivity : package=apkdone.com/com.example.MainActivity time=0ms latency=1220ms running=0ms procState=2 ClientTransaction{ callbacks=[android.app.servertransaction.TopResumedActivityChang eItem] } historyMsgCount=3 (msgIndex=2 wall=764ms seq=2 running=158ms runnable=64ms io=101ms late=19ms h=android.app.ActivityThread$H w=110) (msgIndex=3 wall=443ms seq=3 running=231ms runnable=36ms io=60ms late=770ms h=android.app.ActivityThread$H w=159)
09-18 10:56:23.159 21346 21346 D FrameIndicator: support status: 1 0xadef1911 0xadef1c09
09-18 10:56:23.196 21346 21346 D FrameIndicator: support status: 1 0xadef1911 0xadef1c09
09-18 10:56:23.197 21346 21346 D FrameIndicator: support status: 1 0xadef1911 0xadef1c09
09-18 10:56:23.280 21346 21438 W c : initStore should have been called before calling setUserID
09-18 10:56:23.310 21346 21504 E LB : fail to open file: No such file or directory
09-18 10:56:23.509 21346 21346 D Installations: Installation ID: eKHpdEvlR9eTjvALvBLapX
09-18 10:56:23.533 21346 21367 I apkdone.com: ProcessProfilingInfo new_methods=609 is saved saved_to_disk=1 resolve_classes_delay=8000
09-18 10:56:23.546 21346 21346 E MethodChannel#jojoy.app_resource_plugin: Failed to handle method call
09-18 10:56:23.546 21346 21346 E MethodChannel#jojoy.app_resource_plugin: android.content.res.Resources$NotFoundException: Drawable apkdone.com:mipmap/ic_launcher_foreground with resource ID #0x7f0f0001
09-18 10:56:23.546 21346 21346 E MethodChannel#jojoy.app_resource_plugin: Caused by: android.content.res.Resources$NotFoundException: File res/mipmap/ic_launcher_foreground.xml from drawable resource ID #0x7f0f0001
09-18 10:56:23.546 21346 21346 E MethodChannel#jojoy.app_resource_plugin: at android.content.res.ResourcesImpl.loadDrawableForCookie(ResourcesImpl.java:914)
09-18 10:56:23.546 21346 21346 E MethodChannel#jojoy.app_resource_plugin: at android.content.res.ResourcesImpl.originalLoadDrawable(ResourcesImpl.java:693)
09-18 10:56:23.546 21346 21346 E MethodChannel#jojoy.app_resource_plugin: at android.content.res.ResourcesImpl.loadDrawable(ResourcesImpl.java:600)
09-18 10:56:23.546 21346 21346 E MethodChannel#jojoy.app_resource_plugin: at android.content.res.MiuiResourcesImpl.loadDrawable(MiuiResourcesImpl.java:307)
09-18 10:56:23.546 21346 21346 E MethodChannel#jojoy.app_resource_plugin: at android.content.res.Resources.loadDrawable(Resources.java:1010)
09-18 10:56:23.546 21346 21346 E MethodChannel#jojoy.app_resource_plugin: at android.content.res.Resources.getDrawableForDensity(Resources.java:1000)
09-18 10:56:23.546 21346 21346 E MethodChannel#jojoy.app_resource_plugin: at android.content.res.Resources.getDrawable(Resources.java:939)
09-18 10:56:23.546 21346 21346 E MethodChannel#jojoy.app_resource_plugin: at android.content.Context.getDrawable(Context.java:702)
09-18 10:56:23.546 21346 21346 E MethodChannel#jojoy.app_resource_plugin: at androidx.core.content.ContextCompat$Api21Impl.getDrawable(Unknown Source:0)
09-18 10:56:23.546 21346 21346 E MethodChannel#jojoy.app_resource_plugin: at androidx.core.content.ContextCompat.getDrawable(Unknown Source:0)
09-18 10:56:23.546 21346 21346 E MethodChannel#jojoy.app_resource_plugin: at com.example.plugin.AppResourcePlugin.a(AppResourcePlugin.kt:4)
09-18 10:56:23.546 21346 21346 E MethodChannel#jojoy.app_resource_plugin: at com.example.plugin.AppResourcePlugin.onMethodCall(AppResourcePlugin.kt:22)
09-18 10:56:23.546 21346 21346 E MethodChannel#jojoy.app_resource_plugin: at io.flutter.plugin.common.MethodChannel$IncomingMethodCallHandler.onMessage(MethodCh annel.java:2)
09-18 10:56:23.546 21346 21346 E MethodChannel#jojoy.app_resource_plugin: at io.flutter.embedding.engine.dart.DartMessenger.invokeHandler(DartMessenger.java:2)
09-18 10:56:23.546 21346 21346 E MethodChannel#jojoy.app_resource_plugin: at io.flutter.embedding.engine.dart.DartMessenger.lambda$dispatchMessageToQueue$0(Dart Messenger.java:2)
09-18 10:56:23.546 21346 21346 E MethodChannel#jojoy.app_resource_plugin: at io.flutter.embedding.engine.dart.DartMessenger.a(Unknown Source:0)
09-18 10:56:23.546 21346 21346 E MethodChannel#jojoy.app_resource_plugin: at io.flutter.embedding.engine.dart.a.run(Unknown Source:12)
09-18 10:56:23.546 21346 21346 E MethodChannel#jojoy.app_resource_plugin: at android.os.Handler.handleCallback(Handler.java:938)
09-18 10:56:23.546 21346 21346 E MethodChannel#jojoy.app_resource_plugin: at android.os.Handler.dispatchMessage(Handler.java:99)
09-18 10:56:23.546 21346 21346 E MethodChannel#jojoy.app_resource_plugin: at android.os.Looper.loop(Looper.java:237)
09-18 10:56:23.546 21346 21346 E MethodChannel#jojoy.app_resource_plugin: at android.app.ActivityThread.main(ActivityThread.java:8163)
09-18 10:56:23.546 21346 21346 E MethodChannel#jojoy.app_resource_plugin: at java.lang.reflect.Method.invoke(Native Method)
09-18 10:56:23.546 21346 21346 E MethodChannel#jojoy.app_resource_plugin: at com.android.internal.os.RuntimeInit$MethodAndArgsCaller.run(RuntimeInit.java:656)
09-18 10:56:23.546 21346 21346 E MethodChannel#jojoy.app_resource_plugin: at com.android.internal.os.ZygoteInit.main(ZygoteInit.java:967)
09-18 10:56:23.546 21346 21346 E MethodChannel#jojoy.app_resource_plugin: Caused by: android.view.InflateException: Class not found x
09-18 10:56:23.546 21346 21346 E MethodChannel#jojoy.app_resource_plugin: at android.graphics.drawable.DrawableInflater.inflateFromClass(DrawableInflater.java:2 24)
09-18 10:56:23.546 21346 21346 E MethodChannel#jojoy.app_resource_plugin: at android.graphics.drawable.DrawableInflater.inflateFromXmlForDensity(DrawableInflate r.java:141)
09-18 10:56:23.546 21346 21346 E MethodChannel#jojoy.app_resource_plugin: at android.graphics.drawable.Drawable.createFromXmlInnerForDensity(Drawable.java:1402)
09-18 10:56:23.546 21346 21346 E MethodChannel#jojoy.app_resource_plugin: at android.graphics.drawable.Drawable.createFromXmlForDensity(Drawable.java:1361)
09-18 10:56:23.546 21346 21346 E MethodChannel#jojoy.app_resource_plugin: at android.content.res.ResourcesImpl.createFromXmlForDensity(ResourcesImpl.java:1633)
09-18 10:56:23.546 21346 21346 E MethodChannel#jojoy.app_resource_plugin: at android.content.res.ResourcesImpl.loadXmlDrawable(ResourcesImpl.java:979)
09-18 10:56:23.546 21346 21346 E MethodChannel#jojoy.app_resource_plugin: at android.content.res.ResourcesImpl.loadDrawableForCookie(ResourcesImpl.java:897)
09-18 10:56:23.546 21346 21346 E MethodChannel#jojoy.app_resource_plugin: ... 23 more
09-18 10:56:23.546 21346 21346 E MethodChannel#jojoy.app_resource_plugin: Caused by: java.lang.ClassNotFoundException: Didn't find class "x" on path: DexPathList[[zip file "/data/app/~~ohSk6-0R0Qd1T00ycW-9QA==/apkdone.com- j0X2qCi4g7xBwoMFGkGi0g==/base.apk"],nativeLibraryDirectories=[/data/app/~~ohSk6- 0R0Qd1T00ycW-9QA==/apkdone.com-j0X2qCi4g7xBwoMFGkGi0g==/lib/arm, /data/app/~~ohSk6- 0R0Qd1T00ycW-9QA==/apkdone.com-j0X2qCi4g7xBwoMFGkGi0g==/base.apk!/lib/armeabi- v7a, /system/lib, /system_ext/lib]]
09-18 10:56:23.546 21346 21346 E MethodChannel#jojoy.app_resource_plugin: at dalvik.system.BaseDexClassLoader.findClass(BaseDexClassLoader.java:207)
09-18 10:56:23.546 21346 21346 E MethodChannel#jojoy.app_resource_plugin: at java.lang.ClassLoader.loadClass(ClassLoader.java:379)
09-18 10:56:23.546 21346 21346 E MethodChannel#jojoy.app_resource_plugin: at java.lang.ClassLoader.loadClass(ClassLoader.java:312)
09-18 10:56:23.546 21346 21346 E MethodChannel#jojoy.app_resource_plugin: at android.graphics.drawable.DrawableInflater.inflateFromClass(DrawableInflater.java:2 05)
09-18 10:56:23.546 21346 21346 E MethodChannel#jojoy.app_resource_plugin: ... 29 more
09-18 10:56:23.548 21346 21490 W FlutterJNI: FlutterJNI.loadLibrary called more than once
09-18 10:56:23.549 21346 21658 W FlutterJNI: FlutterJNI.prefetchDefaultFontManager called more than once
09-18 10:56:23.566 21346 21346 W FlutterJNI: FlutterJNI.init called more than once
09-18 10:56:23.710 21346 21346 I DynamiteModule: Considering local module com.google.android.gms.ads.dynamite:0 and remote module com.google.android.gms.ads.dynamite:222508000
09-18 10:56:23.711 21346 21346 I DynamiteModule: Selected remote version of com.google.android.gms.ads.dynamite, version >= 222508000
09-18 10:56:23.715 21346 21346 D DynamitePackage: Instantiated singleton DynamitePackage.
09-18 10:56:23.715 21346 21346 D DynamitePackage: Instantiating com.google.android.gms.ads.ChimeraMobileAdsSettingManagerCreatorImpl
09-18 10:56:23.784 21346 21674 W ConnectionStatusConfig: Dynamic lookup for intent failed for action: com.google.android.gms.leibniz.events.service.START
09-18 10:56:23.786 21346 21674 W GmsClient: unable to connect to service: com.google.android.gms.leibniz.events.service.START on com.google.android.gms
09-18 10:56:23.887 21346 21346 D EgretLoader: EgretLoader(Context context)
09-18 10:56:23.887 21346 21346 D EgretLoader: The context is not activity
09-18 10:56:23.939 21346 21346 D UnityAds: com.unity3d.services.ads.UnityAdsImplementation.initialize() (line:3) :: ENTERED METHOD
09-18 10:56:23.939 21346 21346 D UnityAds: com.unity3d.services.UnityServices.initialize() (line:1) :: ENTERED METHOD
09-18 10:56:23.940 21346 21346 I UnityAds: com.unity3d.services.UnityServices.initialize() (line:39) :: Initializing Unity Services 4.2.1 (4210) with game id 4557173 in production mode
09-18 10:56:23.948 21346 21346 I UnityAds: com.unity3d.services.UnityServices.initialize() (line:46) :: Unity Services environment check OK
09-18 10:56:23.956 21346 21346 D VungleLogger: Please setup Logger first.
09-18 10:56:23.960 21346 21346 I FLTFireBGExecutor: Creating background FlutterEngine instance, with args: []
09-18 10:56:24.005 21346 21346 W vng_background-: type=1400 audit(0.0:1364307): avc: denied { read } for name="/" dev="dm-5" ino=2 scontext=u:r:untrusted_app:s0:c78,c257,c512,c768 tcontext=u:object_r:rootfs:s0 tclass=dir permissive=0 app=apkdone.com
09-18 10:56:24.028 21346 21705 D c : crash report is disabled.
09-18 10:56:24.054 21346 21346 D FlutterArchivePlugin: onAttachedToEngine - IN
09-18 10:56:24.054 21346 21346 D FlutterArchivePlugin: doOnAttachedToEngine - IN
09-18 10:56:24.054 21346 21346 D FlutterArchivePlugin: doOnAttachedToEngine - OUT
09-18 10:56:24.054 21346 21346 D FlutterArchivePlugin: onAttachedToEngine - OUT
09-18 10:56:24.069 21346 21346 W Looper : PerfMonitor doFrame : time=2ms vsyncFrame=798827 latency=489ms procState=2 historyMsgCount=9 (msgIndex=1 wall=361ms seq=92 running=170ms io=96ms late=20ms h=android.os.Handler c=io.flutter.embedding.engine.dart.a) (msgIndex=8 wall=98ms seq=99 running=9ms late=392ms h=android.os.Handler c=io.flutter.plugins.firebase.messaging.b)
09-18 10:56:24.162 21346 21346 I FLTFireMsgService: FlutterFirebaseMessagingBackgroundService started!
09-18 10:56:24.190 21346 21766 E ActivityThread: Failed to find provider info for com.xiaomi.market.provider.DirectMailProvider
09-18 10:56:24.211 21346 21696 I UnityAds: com.unity3d.services.core.configuration.InitializeThread$InitializeStateConfig.exec ute() (line:2) :: Unity Ads init: load configuration from https://configv2.unityads.unity3d.com/webview/4.2.1/release/config.json
09-18 10:56:24.312 21346 21346 D CompatibilityChangeReporter: Compat change id reported: 150939131; UID 10334; state: ENABLED
09-18 10:56:24.313 21346 21346 D Installations: Installation ID: eKHpdEvlR9eTjvALvBLapX
09-18 10:56:24.438 21346 21346 D EgretLoader: EgretLoader(Context context)
09-18 10:56:24.438 21346 21346 D EgretLoader: The context is not activity
09-18 10:56:27.376 21346 21386 W FA : Cannot log screen view event when the app is in the background.
09-18 10:56:27.467 21346 21346 E MethodChannel#jojoy.app_resource_plugin: Failed to handle method call
09-18 10:56:27.467 21346 21346 E MethodChannel#jojoy.app_resource_plugin: android.content.res.Resources$NotFoundException: Drawable apkdone.com:mipmap/ic_launcher_foreground with resource ID #0x7f0f0001
09-18 10:56:27.467 21346 21346 E MethodChannel#jojoy.app_resource_plugin: Caused by: android.content.res.Resources$NotFoundException: File res/mipmap/ic_launcher_foreground.xml from drawable resource ID #0x7f0f0001
09-18 10:56:27.467 21346 21346 E MethodChannel#jojoy.app_resource_plugin: at android.content.res.ResourcesImpl.loadDrawableForCookie(ResourcesImpl.java:914)
09-18 10:56:27.467 21346 21346 E MethodChannel#jojoy.app_resource_plugin: at android.content.res.ResourcesImpl.originalLoadDrawable(ResourcesImpl.java:693)
09-18 10:56:27.467 21346 21346 E MethodChannel#jojoy.app_resource_plugin: at android.content.res.ResourcesImpl.loadDrawable(ResourcesImpl.java:600)
09-18 10:56:27.467 21346 21346 E MethodChannel#jojoy.app_resource_plugin: at android.content.res.MiuiResourcesImpl.loadDrawable(MiuiResourcesImpl.java:307)
09-18 10:56:27.467 21346 21346 E MethodChannel#jojoy.app_resource_plugin: at android.content.res.Resources.loadDrawable(Resources.java:1010)
09-18 10:56:27.467 21346 21346 E MethodChannel#jojoy.app_resource_plugin: at android.content.res.Resources.getDrawableForDensity(Resources.java:1000)
09-18 10:56:27.467 21346 21346 E MethodChannel#jojoy.app_resource_plugin: at android.content.res.Resources.getDrawable(Resources.java:939)
09-18 10:56:27.467 21346 21346 E MethodChannel#jojoy.app_resource_plugin: at android.content.Context.getDrawable(Context.java:702)
09-18 10:56:27.467 21346 21346 E MethodChannel#jojoy.app_resource_plugin: at androidx.core.content.ContextCompat$Api21Impl.getDrawable(Unknown Source:0)
09-18 10:56:27.467 21346 21346 E MethodChannel#jojoy.app_resource_plugin: at androidx.core.content.ContextCompat.getDrawable(Unknown Source:0)
09-18 10:56:27.467 21346 21346 E MethodChannel#jojoy.app_resource_plugin: at com.example.plugin.AppResourcePlugin.a(AppResourcePlugin.kt:4)
09-18 10:56:27.467 21346 21346 E MethodChannel#jojoy.app_resource_plugin: at com.example.plugin.AppResourcePlugin.onMethodCall(AppResourcePlugin.kt:22)
09-18 10:56:27.467 21346 21346 E MethodChannel#jojoy.app_resource_plugin: at io.flutter.plugin.common.MethodChannel$IncomingMethodCallHandler.onMessage(MethodCh annel.java:2)
09-18 10:56:27.467 21346 21346 E MethodChannel#jojoy.app_resource_plugin: at io.flutter.embedding.engine.dart.DartMessenger.invokeHandler(DartMessenger.java:2)
09-18 10:56:27.467 21346 21346 E MethodChannel#jojoy.app_resource_plugin: at io.flutter.embedding.engine.dart.DartMessenger.lambda$dispatchMessageToQueue$0(Dart Messenger.java:2)
09-18 10:56:27.467 21346 21346 E MethodChannel#jojoy.app_resource_plugin: at io.flutter.embedding.engine.dart.DartMessenger.a(Unknown Source:0)
09-18 10:56:27.467 21346 21346 E MethodChannel#jojoy.app_resource_plugin: at io.flutter.embedding.engine.dart.a.run(Unknown Source:12)
09-18 10:56:27.467 21346 21346 E MethodChannel#jojoy.app_resource_plugin: at android.os.Handler.handleCallback(Handler.java:938)
09-18 10:56:27.467 21346 21346 E MethodChannel#jojoy.app_resource_plugin: at android.os.Handler.dispatchMessage(Handler.java:99)
09-18 10:56:27.467 21346 21346 E MethodChannel#jojoy.app_resource_plugin: at android.os.Looper.loop(Looper.java:237)
09-18 10:56:27.467 21346 21346 E MethodChannel#jojoy.app_resource_plugin: at android.app.ActivityThread.main(ActivityThread.java:8163)
09-18 10:56:27.467 21346 21346 E MethodChannel#jojoy.app_resource_plugin: at java.lang.reflect.Method.invoke(Native Method)
09-18 10:56:27.467 21346 21346 E MethodChannel#jojoy.app_resource_plugin: at com.android.internal.os.RuntimeInit$MethodAndArgsCaller.run(RuntimeInit.java:656)
09-18 10:56:27.467 21346 21346 E MethodChannel#jojoy.app_resource_plugin: at com.android.internal.os.ZygoteInit.main(ZygoteInit.java:967)
09-18 10:56:27.467 21346 21346 E MethodChannel#jojoy.app_resource_plugin: Caused by: android.view.InflateException: Class not found x
09-18 10:56:27.467 21346 21346 E MethodChannel#jojoy.app_resource_plugin: at android.graphics.drawable.DrawableInflater.inflateFromClass(DrawableInflater.java:2 24)
09-18 10:56:27.467 21346 21346 E MethodChannel#jojoy.app_resource_plugin: at android.graphics.drawable.DrawableInflater.inflateFromXmlForDensity(DrawableInflate r.java:141)
09-18 10:56:27.467 21346 21346 E MethodChannel#jojoy.app_resource_plugin: at android.graphics.drawable.Drawable.createFromXmlInnerForDensity(Drawable.java:1402)
09-18 10:56:27.467 21346 21346 E MethodChannel#jojoy.app_resource_plugin: at android.graphics.drawable.Drawable.createFromXmlForDensity(Drawable.java:1361)
09-18 10:56:27.467 21346 21346 E MethodChannel#jojoy.app_resource_plugin: at android.content.res.ResourcesImpl.createFromXmlForDensity(ResourcesImpl.java:1633)
09-18 10:56:27.467 21346 21346 E MethodChannel#jojoy.app_resource_plugin: at android.content.res.ResourcesImpl.loadXmlDrawable(ResourcesImpl.java:979)
09-18 10:56:27.467 21346 21346 E MethodChannel#jojoy.app_resource_plugin: at android.content.res.ResourcesImpl.loadDrawableForCookie(ResourcesImpl.java:897)
09-18 10:56:27.467 21346 21346 E MethodChannel#jojoy.app_resource_plugin: ... 23 more
09-18 10:56:27.467 21346 21346 E MethodChannel#jojoy.app_resource_plugin: Caused by: java.lang.ClassNotFoundException: Didn't find class "x" on path: DexPathList[[zip file "/data/app/~~ohSk6-0R0Qd1T00ycW-9QA==/apkdone.com- j0X2qCi4g7xBwoMFGkGi0g==/base.apk"],nativeLibraryDirectories=[/data/app/~~ohSk6- 0R0Qd1T00ycW-9QA==/apkdone.com-j0X2qCi4g7xBwoMFGkGi0g==/lib/arm, /data/app/~~ohSk6- 0R0Qd1T00ycW-9QA==/apkdone.com-j0X2qCi4g7xBwoMFGkGi0g==/base.apk!/lib/armeabi- v7a, /system/lib, /system_ext/lib]]
09-18 10:56:27.467 21346 21346 E MethodChannel#jojoy.app_resource_plugin: at dalvik.system.BaseDexClassLoader.findClass(BaseDexClassLoader.java:207)
09-18 10:56:27.467 21346 21346 E MethodChannel#jojoy.app_resource_plugin: at java.lang.ClassLoader.loadClass(ClassLoader.java:379)
09-18 10:56:27.467 21346 21346 E MethodChannel#jojoy.app_resource_plugin: at java.lang.ClassLoader.loadClass(ClassLoader.java:312)
09-18 10:56:27.467 21346 21346 E MethodChannel#jojoy.app_resource_plugin: at android.graphics.drawable.DrawableInflater.inflateFromClass(DrawableInflater.java:2 05)
09-18 10:56:27.467 21346 21346 E MethodChannel#jojoy.app_resource_plugin: ... 29 more
09-18 10:56:27.707 21346 21346 E MethodChannel#jojoy.app_resource_plugin: Failed to handle method call
09-18 10:56:27.707 21346 21346 E MethodChannel#jojoy.app_resource_plugin: android.content.res.Resources$NotFoundException: Drawable apkdone.com:mipmap/ic_launcher_foreground with resource ID #0x7f0f0001
09-18 10:56:27.707 21346 21346 E MethodChannel#jojoy.app_resource_plugin: Caused by: android.content.res.Resources$NotFoundException: File res/mipmap/ic_launcher_foreground.xml from drawable resource ID #0x7f0f0001
09-18 10:56:27.707 21346 21346 E MethodChannel#jojoy.app_resource_plugin: at android.content.res.ResourcesImpl.loadDrawableForCookie(ResourcesImpl.java:914)
09-18 10:56:27.707 21346 21346 E MethodChannel#jojoy.app_resource_plugin: at android.content.res.ResourcesImpl.originalLoadDrawable(ResourcesImpl.java:693)
09-18 10:56:27.707 21346 21346 E MethodChannel#jojoy.app_resource_plugin: at android.content.res.ResourcesImpl.loadDrawable(ResourcesImpl.java:600)
09-18 10:56:27.707 21346 21346 E MethodChannel#jojoy.app_resource_plugin: at android.content.res.MiuiResourcesImpl.loadDrawable(MiuiResourcesImpl.java:307)
09-18 10:56:27.707 21346 21346 E MethodChannel#jojoy.app_resource_plugin: at android.content.res.Resources.loadDrawable(Resources.java:1010)
09-18 10:56:27.707 21346 21346 E MethodChannel#jojoy.app_resource_plugin: at android.content.res.Resources.getDrawableForDensity(Resources.java:1000)
09-18 10:56:27.707 21346 21346 E MethodChannel#jojoy.app_resource_plugin: at android.content.res.Resources.getDrawable(Resources.java:939)
09-18 10:56:27.707 21346 21346 E MethodChannel#jojoy.app_resource_plugin: at android.content.Context.getDrawable(Context.java:702)
09-18 10:56:27.707 21346 21346 E MethodChannel#jojoy.app_resource_plugin: at androidx.core.content.ContextCompat$Api21Impl.getDrawable(Unknown Source:0)
09-18 10:56:27.707 21346 21346 E MethodChannel#jojoy.app_resource_plugin: at androidx.core.content.ContextCompat.getDrawable(Unknown Source:0)
09-18 10:56:27.707 21346 21346 E MethodChannel#jojoy.app_resource_plugin: at com.example.plugin.AppResourcePlugin.a(AppResourcePlugin.kt:4)
09-18 10:56:27.707 21346 21346 E MethodChannel#jojoy.app_resource_plugin: at com.example.plugin.AppResourcePlugin.onMethodCall(AppResourcePlugin.kt:22)
